{"id":3503,"date":"2025-11-30T20:11:31","date_gmt":"2025-11-30T18:11:31","guid":{"rendered":"https:\/\/pro-cut.pl\/?post_type=product&#038;p=3503"},"modified":"2026-04-30T12:56:34","modified_gmt":"2026-04-30T10:56:34","slug":"lama-flexibila-pentru-cutterul-termic-de-30-cm-pentru-profilare","status":"publish","type":"product","link":"https:\/\/pro-cut.pl\/ro\/product-2\/lama-flexibila-pentru-cutterul-termic-de-30-cm-pentru-profilare\/","title":{"rendered":"Lam\u0103 flexibil\u0103 pentru cutter termic de 30 cm (pentru profilare)"},"content":{"rendered":"<div data-elementor-type=\"product-post\" data-elementor-id=\"3503\" class=\"elementor elementor-3503\" data-elementor-post-type=\"product\">\n\t\t\t\t<div class=\"wd-negative-gap elementor-element elementor-element-6947ece e-flex e-con-boxed e-con e-parent\" data-id=\"6947ece\" data-element_type=\"container\" data-e-type=\"container\">\n\t\t\t\t\t<div class=\"e-con-inner\">\n\t\t<div class=\"elementor-element elementor-element-dd2e2db e-con-full e-flex e-con e-child\" data-id=\"dd2e2db\" data-element_type=\"container\" data-e-type=\"container\">\n\t\t\t\t<div class=\"elementor-element elementor-element-71c98098 color-scheme-inherit text-left elementor-widget elementor-widget-text-editor\" data-id=\"71c98098\" data-element_type=\"widget\" data-e-type=\"widget\" data-widget_type=\"text-editor.default\">\n\t\t\t\t<div class=\"elementor-widget-container\">\n\t\t\t\t\t\t\t\t\t<h2>Principalele avantaje ale lamei:<\/h2><p><strong>\u2705 Aliaj metalic rezistent, specializat<\/strong><br \/>Lama este fabricat\u0103 dintr-un aliaj de \u00eenalt\u0103 calitate care nu arde \u0219i p\u0103streaz\u0103 foarte bine c\u0103ldura. Este flexibil, dar suficient de rigid \u00eenc\u00e2t s\u0103 nu \u201epluteasc\u0103\u201d \u00een styrodur dur \u0219i s\u0103 nu se rup\u0103 atunci c\u00e2nd este \u00eendoit \u00een mod repetat pe \u0219antier.<\/p><p><strong>\u2705 Profilare gratuit\u0103 \u00een func\u021bie de nevoile dumneavoastr\u0103<\/strong><br \/>Lungimea de 30 cm v\u0103 ofer\u0103 libertate total\u0103. \u00cen c\u00e2teva momente ve\u021bi \u00eendoi lama \u00een form\u0103 de \u201eU\u201d, \u201eV\u201d sau dreptunghiular\u0103, cre\u00e2nd unealta perfect\u0103 pentru a se potrivi diametrului \u021bevilor, cablurilor sau rustic\u0103rilor decorative de pe fa\u021bad\u0103.<br \/>(Pute\u021bi introduce vizualizarea dvs. cu diferite forme aici, \u00een magazin)<\/p><p><strong>\u2705 \u00cenc\u0103lzire instantanee \u0219i uniform\u0103<\/strong><br \/>Grosimea optim\u0103 a materialului \u00eenseamn\u0103 c\u0103 lama atinge temperatura de func\u021bionare \u00een c\u00e2teva secunde. C\u0103ldura este distribuit\u0103 uniform pe toat\u0103 sec\u021biunea profilat\u0103, garant\u00e2nd t\u0103ierea lin\u0103 a polistirenului (EPS\/XPS) f\u0103r\u0103 margini zim\u021bate sau granule zbur\u0103toare.<\/p><p><strong>\u2705 Compatibilitate universal\u0103<\/strong><br \/>Sistemul standard de ata\u0219are face ca lama s\u0103 fie complet compatibil\u0103 cu cu\u021bitele termice profesionale Minova. De asemenea, se potrive\u0219te cu majoritatea ma\u0219inilor de la al\u021bi produc\u0103tori de pe pia\u021b\u0103 \u0219i func\u021bioneaz\u0103 perfect cu s\u0103nii de t\u0103iere (boners).<\/p>\t\t\t\t\t\t\t\t<\/div>\n\t\t\t\t<\/div>\n\t\t\t\t<\/div>\n\t\t<div class=\"elementor-element elementor-element-b9dce27 e-con-full e-flex e-con e-child\" data-id=\"b9dce27\" data-element_type=\"container\" data-e-type=\"container\">\n\t\t\t\t<div class=\"elementor-element elementor-element-5ad16ba elementor-widget elementor-widget-wd_image_or_svg\" data-id=\"5ad16ba\" data-element_type=\"widget\" data-e-type=\"widget\" data-widget_type=\"wd_image_or_svg.default\">\n\t\t\t\t<div class=\"elementor-widget-container\">\n\t\t\t\t\t\n\t\t<div class=\"wd-image text-left\">\n\t\t\t\t\t\t\t\t<img fetchpriority=\"high\" decoding=\"async\" width=\"1600\" height=\"1600\" src=\"https:\/\/pro-cut.pl\/wp-content\/uploads\/2026\/03\/Group-242.png\" class=\"attachment-full size-full\" alt=\"\" srcset=\"https:\/\/pro-cut.pl\/wp-content\/uploads\/2026\/03\/Group-242.png 1600w, https:\/\/pro-cut.pl\/wp-content\/uploads\/2026\/03\/Group-242-300x300.png 300w, https:\/\/pro-cut.pl\/wp-content\/uploads\/2026\/03\/Group-242-1024x1024.png 1024w, https:\/\/pro-cut.pl\/wp-content\/uploads\/2026\/03\/Group-242-150x150.png 150w, https:\/\/pro-cut.pl\/wp-content\/uploads\/2026\/03\/Group-242-768x768.png 768w, https:\/\/pro-cut.pl\/wp-content\/uploads\/2026\/03\/Group-242-1536x1536.png 1536w, https:\/\/pro-cut.pl\/wp-content\/uploads\/2026\/03\/Group-242-12x12.png 12w, https:\/\/pro-cut.pl\/wp-content\/uploads\/2026\/03\/Group-242-600x600.png 600w, https:\/\/pro-cut.pl\/wp-content\/uploads\/2026\/03\/Group-242-1200x1200.png 1200w\" sizes=\"(max-width: 1600px) 100vw, 1600px\" title=\"\">\t\t\t\t\t<\/div>\n\n\t\t\t\t\t\t<\/div>\n\t\t\t\t<\/div>\n\t\t\t\t<\/div>\n\t\t\t\t\t<\/div>\n\t\t\t\t<\/div>\n\t\t<div class=\"wd-negative-gap elementor-element elementor-element-8b0dc0f e-flex e-con-boxed e-con e-parent\" data-id=\"8b0dc0f\" data-element_type=\"container\" data-e-type=\"container\">\n\t\t\t\t\t<div class=\"e-con-inner\">\n\t\t<div class=\"elementor-element elementor-element-bc732b7 e-con-full e-flex e-con e-child\" data-id=\"bc732b7\" data-element_type=\"container\" data-e-type=\"container\">\n\t\t\t\t<div class=\"elementor-element elementor-element-aae68ec elementor-widget elementor-widget-wd_image_or_svg\" data-id=\"aae68ec\" data-element_type=\"widget\" data-e-type=\"widget\" data-widget_type=\"wd_image_or_svg.default\">\n\t\t\t\t<div class=\"elementor-widget-container\">\n\t\t\t\t\t\n\t\t<div class=\"wd-image text-left\">\n\t\t\t\t\t\t\t\t<img decoding=\"async\" width=\"1600\" height=\"1600\" src=\"https:\/\/pro-cut.pl\/wp-content\/uploads\/2026\/03\/MAIN22.png\" class=\"attachment-full size-full\" alt=\"\" srcset=\"https:\/\/pro-cut.pl\/wp-content\/uploads\/2026\/03\/MAIN22.png 1600w, https:\/\/pro-cut.pl\/wp-content\/uploads\/2026\/03\/MAIN22-300x300.png 300w, https:\/\/pro-cut.pl\/wp-content\/uploads\/2026\/03\/MAIN22-1024x1024.png 1024w, https:\/\/pro-cut.pl\/wp-content\/uploads\/2026\/03\/MAIN22-150x150.png 150w, https:\/\/pro-cut.pl\/wp-content\/uploads\/2026\/03\/MAIN22-768x768.png 768w, https:\/\/pro-cut.pl\/wp-content\/uploads\/2026\/03\/MAIN22-1536x1536.png 1536w, https:\/\/pro-cut.pl\/wp-content\/uploads\/2026\/03\/MAIN22-12x12.png 12w, https:\/\/pro-cut.pl\/wp-content\/uploads\/2026\/03\/MAIN22-600x600.png 600w, https:\/\/pro-cut.pl\/wp-content\/uploads\/2026\/03\/MAIN22-1200x1200.png 1200w\" sizes=\"(max-width: 1600px) 100vw, 1600px\" title=\"\">\t\t\t\t\t<\/div>\n\n\t\t\t\t\t\t<\/div>\n\t\t\t\t<\/div>\n\t\t\t\t<\/div>\n\t\t<div class=\"elementor-element elementor-element-84c0cc6 e-con-full e-flex e-con e-child\" data-id=\"84c0cc6\" data-element_type=\"container\" data-e-type=\"container\">\n\t\t\t\t<div class=\"elementor-element elementor-element-715deb3 color-scheme-inherit text-left elementor-widget elementor-widget-text-editor\" data-id=\"715deb3\" data-element_type=\"widget\" data-e-type=\"widget\" data-widget_type=\"text-editor.default\">\n\t\t\t\t<div class=\"elementor-widget-container\">\n\t\t\t\t\t\t\t\t\t<h3 data-path-to-node=\"10\">Parametrii tehnici:<\/h3><ul data-path-to-node=\"11\"><li><p><strong>Lungimea de lucru<\/strong>: 300 mm<\/p><\/li><li><p><strong>Material<\/strong>: Aliaj cu rezisten\u021b\u0103 flexibil\u0103 (rezistent la oboseal\u0103)<\/p><\/li><li><p><strong>Cerere:<\/strong> Profilarea brazdelor, t\u0103ierea rusticilor, t\u0103ieri \u00een ad\u00e2ncime<\/p><\/li><li><p><strong>Compatibilitate:<\/strong> Cu\u021bite termice Minova, s\u0103nii de t\u0103iere (bonkers), majoritatea cu\u021bitelor de pe pia\u021b\u0103<\/p><\/li><li><p><strong>Scop:<\/strong> Polistiren (EPS), Styrodur (XPS), spume tehnice<\/p><\/li><\/ul>\t\t\t\t\t\t\t\t<\/div>\n\t\t\t\t<\/div>\n\t\t\t\t<\/div>\n\t\t\t\t\t<\/div>\n\t\t\t\t<\/div>\n\t\t\t\t<\/div>","protected":false},"excerpt":{"rendered":"<p><strong>Un cu\u021bit, forme infinite<\/strong><br \/>\nLam\u0103 de lucru profesional\u0103 de 30 cm fabricat\u0103 din aliaj de rezisten\u021b\u0103 de \u00eenalt\u0103 calitate. Creat\u0103 pentru t\u0103ierea rapid\u0103 a rustic\u0103rilor, a \u0219an\u021burilor de instalare a \u021bevilor \u0219i a rigolelor. Datorit\u0103 flexibilit\u0103\u021bii sale complete, \u00eei pute\u021bi da orice form\u0103 dori\u021bi, iar materialul specializat garanteaz\u0103 \u00eenc\u0103lzirea instantanee \u0219i lipsa arderii.<\/p>\n<p><strong>\u2713 Profilare liber\u0103 (U, V, dreptunghi) \u2713 \u00cenc\u0103lzire instantanee \u2713 Aliaj metalic rezistent \u2713 Se potrive\u0219te cu Minova \u0219i alte m\u0103rci de cu\u021bite<\/strong><\/p>","protected":false},"featured_media":3504,"comment_status":"open","ping_status":"closed","template":"","meta":{"_acf_changed":false},"product_brand":[],"product_cat":[97,84,86,82,102,60],"product_tag":[104],"class_list":{"0":"post-3503","1":"product","2":"type-product","3":"status-publish","4":"has-post-thumbnail","6":"product_cat-akcesoria-2","7":"product_cat-akcesoria-do-nozy-termicznych","8":"product_cat-akcesoria-do-nozy-termicznych-noze-do-styropianu","9":"product_cat-ciecie-styropianu-i-styroduru-xps-eps","10":"product_cat-noze-i-dostawki","11":"product_cat-noze-do-styropianu","12":"product_tag-simple-kontent","14":"first","15":"instock","16":"sale","17":"taxable","18":"shipping-taxable","19":"purchasable","20":"product-type-simple"},"acf":[],"_links":{"self":[{"href":"https:\/\/pro-cut.pl\/ro\/wp-json\/wp\/v2\/product\/3503","targetHints":{"allow":["GET"]}}],"collection":[{"href":"https:\/\/pro-cut.pl\/ro\/wp-json\/wp\/v2\/product"}],"about":[{"href":"https:\/\/pro-cut.pl\/ro\/wp-json\/wp\/v2\/types\/product"}],"replies":[{"embeddable":true,"href":"https:\/\/pro-cut.pl\/ro\/wp-json\/wp\/v2\/comments?post=3503"}],"version-history":[{"count":10,"href":"https:\/\/pro-cut.pl\/ro\/wp-json\/wp\/v2\/product\/3503\/revisions"}],"predecessor-version":[{"id":3766,"href":"https:\/\/pro-cut.pl\/ro\/wp-json\/wp\/v2\/product\/3503\/revisions\/3766"}],"wp:featuredmedia":[{"embeddable":true,"href":"https:\/\/pro-cut.pl\/ro\/wp-json\/wp\/v2\/media\/3504"}],"wp:attachment":[{"href":"https:\/\/pro-cut.pl\/ro\/wp-json\/wp\/v2\/media?parent=3503"}],"wp:term":[{"taxonomy":"product_brand","embeddable":true,"href":"https:\/\/pro-cut.pl\/ro\/wp-json\/wp\/v2\/product_brand?post=3503"},{"taxonomy":"product_cat","embeddable":true,"href":"https:\/\/pro-cut.pl\/ro\/wp-json\/wp\/v2\/product_cat?post=3503"},{"taxonomy":"product_tag","embeddable":true,"href":"https:\/\/pro-cut.pl\/ro\/wp-json\/wp\/v2\/product_tag?post=3503"}],"curies":[{"name":"wp","href":"https:\/\/api.w.org\/{rel}","templated":true}]}}

Lamă flexibilă pentru cutter termic de 30 cm (pentru profilare)

<div data-elementor-type="product-post" data-elementor-id="3503" class="elementor elementor-3503" data-elementor-post-type="product">
				<div class="wd-negative-gap elementor-element elementor-element-6947ece e-flex e-con-boxed e-con e-parent" data-id="6947ece" data-element_type="container" data-e-type="container">
					<div class="e-con-inner">
		<div class="elementor-element elementor-element-dd2e2db e-con-full e-flex e-con e-child" data-id="dd2e2db" data-element_type="container" data-e-type="container">
				<div class="elementor-element elementor-element-71c98098 color-scheme-inherit text-left elementor-widget elementor-widget-text-editor" data-id="71c98098" data-element_type="widget" data-e-type="widget" data-widget_type="text-editor.default">
				<div class="elementor-widget-container">
									<h2>Principalele avantaje ale lamei:</h2><p><strong>✅ Aliaj metalic rezistent, specializat</strong><br />Lama este fabricată dintr-un aliaj de înaltă calitate care nu arde și păstrează foarte bine căldura. Este flexibil, dar suficient de rigid încât să nu „plutească” în styrodur dur și să nu se rupă atunci când este îndoit în mod repetat pe șantier.</p><p><strong>✅ Profilare gratuită în funcție de nevoile dumneavoastră</strong><br />Lungimea de 30 cm vă oferă libertate totală. În câteva momente veți îndoi lama în formă de „U”, „V” sau dreptunghiulară, creând unealta perfectă pentru a se potrivi diametrului țevilor, cablurilor sau rusticărilor decorative de pe fațadă.<br />(Puteți introduce vizualizarea dvs. cu diferite forme aici, în magazin)</p><p><strong>✅ Încălzire instantanee și uniformă</strong><br />Grosimea optimă a materialului înseamnă că lama atinge temperatura de funcționare în câteva secunde. Căldura este distribuită uniform pe toată secțiunea profilată, garantând tăierea lină a polistirenului (EPS/XPS) fără margini zimțate sau granule zburătoare.</p><p><strong>✅ Compatibilitate universală</strong><br />Sistemul standard de atașare face ca lama să fie complet compatibilă cu cuțitele termice profesionale Minova. De asemenea, se potrivește cu majoritatea mașinilor de la alți producători de pe piață și funcționează perfect cu sănii de tăiere (boners).</p>								</div>
				</div>
				</div>
		<div class="elementor-element elementor-element-b9dce27 e-con-full e-flex e-con e-child" data-id="b9dce27" data-element_type="container" data-e-type="container">
				<div class="elementor-element elementor-element-5ad16ba elementor-widget elementor-widget-wd_image_or_svg" data-id="5ad16ba" data-element_type="widget" data-e-type="widget" data-widget_type="wd_image_or_svg.default">
				<div class="elementor-widget-container">
					
		<div class="wd-image text-left">
								<img fetchpriority="high" decoding="async" width="1600" height="1600" src="https://pro-cut.pl/wp-content/uploads/2026/03/Group-242.png" class="attachment-full size-full" alt="" srcset="https://pro-cut.pl/wp-content/uploads/2026/03/Group-242.png 1600w, https://pro-cut.pl/wp-content/uploads/2026/03/Group-242-300x300.png 300w, https://pro-cut.pl/wp-content/uploads/2026/03/Group-242-1024x1024.png 1024w, https://pro-cut.pl/wp-content/uploads/2026/03/Group-242-150x150.png 150w, https://pro-cut.pl/wp-content/uploads/2026/03/Group-242-768x768.png 768w, https://pro-cut.pl/wp-content/uploads/2026/03/Group-242-1536x1536.png 1536w, https://pro-cut.pl/wp-content/uploads/2026/03/Group-242-12x12.png 12w, https://pro-cut.pl/wp-content/uploads/2026/03/Group-242-600x600.png 600w, https://pro-cut.pl/wp-content/uploads/2026/03/Group-242-1200x1200.png 1200w" sizes="(max-width: 1600px) 100vw, 1600px" title="">					</div>

						</div>
				</div>
				</div>
					</div>
				</div>
		<div class="wd-negative-gap elementor-element elementor-element-8b0dc0f e-flex e-con-boxed e-con e-parent" data-id="8b0dc0f" data-element_type="container" data-e-type="container">
					<div class="e-con-inner">
		<div class="elementor-element elementor-element-bc732b7 e-con-full e-flex e-con e-child" data-id="bc732b7" data-element_type="container" data-e-type="container">
				<div class="elementor-element elementor-element-aae68ec elementor-widget elementor-widget-wd_image_or_svg" data-id="aae68ec" data-element_type="widget" data-e-type="widget" data-widget_type="wd_image_or_svg.default">
				<div class="elementor-widget-container">
					
		<div class="wd-image text-left">
								<img decoding="async" width="1600" height="1600" src="https://pro-cut.pl/wp-content/uploads/2026/03/MAIN22.png" class="attachment-full size-full" alt="" srcset="https://pro-cut.pl/wp-content/uploads/2026/03/MAIN22.png 1600w, https://pro-cut.pl/wp-content/uploads/2026/03/MAIN22-300x300.png 300w, https://pro-cut.pl/wp-content/uploads/2026/03/MAIN22-1024x1024.png 1024w, https://pro-cut.pl/wp-content/uploads/2026/03/MAIN22-150x150.png 150w, https://pro-cut.pl/wp-content/uploads/2026/03/MAIN22-768x768.png 768w, https://pro-cut.pl/wp-content/uploads/2026/03/MAIN22-1536x1536.png 1536w, https://pro-cut.pl/wp-content/uploads/2026/03/MAIN22-12x12.png 12w, https://pro-cut.pl/wp-content/uploads/2026/03/MAIN22-600x600.png 600w, https://pro-cut.pl/wp-content/uploads/2026/03/MAIN22-1200x1200.png 1200w" sizes="(max-width: 1600px) 100vw, 1600px" title="">					</div>

						</div>
				</div>
				</div>
		<div class="elementor-element elementor-element-84c0cc6 e-con-full e-flex e-con e-child" data-id="84c0cc6" data-element_type="container" data-e-type="container">
				<div class="elementor-element elementor-element-715deb3 color-scheme-inherit text-left elementor-widget elementor-widget-text-editor" data-id="715deb3" data-element_type="widget" data-e-type="widget" data-widget_type="text-editor.default">
				<div class="elementor-widget-container">
									<h3 data-path-to-node="10">Parametrii tehnici:</h3><ul data-path-to-node="11"><li><p><strong>Lungimea de lucru</strong>: 300 mm</p></li><li><p><strong>Material</strong>: Aliaj cu rezistență flexibilă (rezistent la oboseală)</p></li><li><p><strong>Cerere:</strong> Profilarea brazdelor, tăierea rusticilor, tăieri în adâncime</p></li><li><p><strong>Compatibilitate:</strong> Cuțite termice Minova, sănii de tăiere (bonkers), majoritatea cuțitelor de pe piață</p></li><li><p><strong>Scop:</strong> Polistiren (EPS), Styrodur (XPS), spume tehnice</p></li></ul>								</div>
				</div>
				</div>
					</div>
				</div>
				</div>

<p><strong>Un cuțit, forme infinite</strong><br />
Lamă de lucru profesională de 30 cm fabricată din aliaj de rezistență de înaltă calitate. Creată pentru tăierea rapidă a rusticărilor, a șanțurilor de instalare a țevilor și a rigolelor. Datorită flexibilității sale complete, îi puteți da orice formă doriți, iar materialul specializat garantează încălzirea instantanee și lipsa arderii.</p>
<p><strong>✓ Profilare liberă (U, V, dreptunghi) ✓ Încălzire instantanee ✓ Aliaj metalic rezistent ✓ Se potrivește cu Minova și alte mărci de cuțite</strong></p>
