{"id":3754,"date":"2026-03-26T12:44:14","date_gmt":"2026-03-26T10:44:14","guid":{"rendered":"https:\/\/pro-cut.pl\/?post_type=product&#038;p=3754"},"modified":"2026-03-26T13:05:44","modified_gmt":"2026-03-26T11:05:44","slug":"przystawka-minova-cornerelite-do-przecinarki-minova-elite-s30","status":"publish","type":"product","link":"https:\/\/pro-cut.pl\/ro\/product-2\/przystawka-minova-cornerelite-do-przecinarki-minova-elite-s30\/","title":{"rendered":"Ata\u0219ament Minova CornerElite pentru ma\u0219ina de t\u0103iat Minova Elite S30"},"content":{"rendered":"<div data-elementor-type=\"product-post\" data-elementor-id=\"3754\" class=\"elementor elementor-3754\" data-elementor-post-type=\"product\">\n\t\t\t\t<div class=\"wd-negative-gap elementor-element elementor-element-6947ece e-flex e-con-boxed e-con e-parent\" data-id=\"6947ece\" data-element_type=\"container\" data-e-type=\"container\">\n\t\t\t\t\t<div class=\"e-con-inner\">\n\t\t<div class=\"elementor-element elementor-element-dd2e2db e-con-full e-flex e-con e-child\" data-id=\"dd2e2db\" data-element_type=\"container\" data-e-type=\"container\">\n\t\t\t\t<div class=\"elementor-element elementor-element-71c98098 color-scheme-inherit text-left elementor-widget elementor-widget-text-editor\" data-id=\"71c98098\" data-element_type=\"widget\" data-e-type=\"widget\" data-widget_type=\"text-editor.default\">\n\t\t\t\t<div class=\"elementor-widget-container\">\n\t\t\t\t\t\t\t\t\t<h3 data-path-to-node=\"5\"><b data-path-to-node=\"5\" data-index-in-node=\"0\">Ma\u0219ina de vouchere eviden\u021biaz\u0103:<\/b><\/h3><p data-path-to-node=\"6\">\u2705 <b data-path-to-node=\"6\" data-index-in-node=\"2\">Control maxim al t\u0103ierii \u0219i repetabilitate<\/b> Ghidul \u0219i sania metalic\u0103 robust\u0103 v\u0103 permit s\u0103 determina\u021bi exact c\u00e2t de ad\u00e2nc trebuie s\u0103 intre lama \u00een spuma de polistiren. Gata cu liniile str\u00e2mbe t\u0103iate \u201ede m\u00e2n\u0103\u201d - fiecare t\u0103iere are exact aceea\u0219i dimensiune planificat\u0103.<\/p><p data-path-to-node=\"7\">\u2705 <b data-path-to-node=\"7\" data-index-in-node=\"2\">Lam\u0103 flexibil\u0103 pentru sarcini speciale<\/b> \u00cen kit primi\u021bi o lam\u0103 de lucru de 30 cm. Pute\u021bi s\u0103 o \u00eendoi\u021bi \u0219i s\u0103 o profila\u021bi singur (de exemplu, \u00een form\u0103 de U sau V), adapt\u00e2nd perfect l\u0103\u021bimea \u0219i forma t\u0103ieturii la diametrul \u021bevilor sau la caracteristicile specifice ale panourilor.<\/p><p data-path-to-node=\"8\">\u2705 <b data-path-to-node=\"8\" data-index-in-node=\"2\">Alunecare lin\u0103 f\u0103r\u0103 deteriorarea pl\u0103cilor<\/b> Datorit\u0103 utiliz\u0103rii a dou\u0103 suporturi laterale netede din plastic, bonerul alunec\u0103 u\u0219or peste polistiren \u0219i stirodur. Nu se blocheaz\u0103 \u00een material \u0219i nu zg\u00e2rie suprafa\u021ba pe care se lucreaz\u0103.<\/p><p data-path-to-node=\"9\">\u2705 <b data-path-to-node=\"9\" data-index-in-node=\"2\">Compatibilitate universal\u0103 \u0219i instalare rapid\u0103<\/b> Kitul are un distan\u021bier de fixare standard. \u00cel ve\u021bi monta \u00een c\u00e2teva secunde la toate cu\u021bitele termice Minova \u0219i la majoritatea cu\u021bitelor standard de pe pia\u021b\u0103. \u00cen\u0219uruba\u021bi lama, \u00een\u0219uruba\u021bi sania \u0219i sunte\u021bi gata de func\u021bionare \u00een cel mai scurt timp.<\/p>\t\t\t\t\t\t\t\t<\/div>\n\t\t\t\t<\/div>\n\t\t\t\t<\/div>\n\t\t<div class=\"elementor-element elementor-element-b9dce27 e-con-full e-flex e-con e-child\" data-id=\"b9dce27\" data-element_type=\"container\" data-e-type=\"container\">\n\t\t\t\t<div class=\"elementor-element elementor-element-5ad16ba elementor-widget elementor-widget-wd_image_or_svg\" data-id=\"5ad16ba\" data-element_type=\"widget\" data-e-type=\"widget\" data-widget_type=\"wd_image_or_svg.default\">\n\t\t\t\t<div class=\"elementor-widget-container\">\n\t\t\t\t\t\n\t\t<div class=\"wd-image text-left\">\n\t\t\t\t\t\t\t\t<img fetchpriority=\"high\" decoding=\"async\" width=\"1600\" height=\"1600\" src=\"https:\/\/pro-cut.pl\/wp-content\/uploads\/2026\/03\/Boniarka-zdjecie-s2.jpg\" class=\"attachment-full size-full\" alt=\"\" srcset=\"https:\/\/pro-cut.pl\/wp-content\/uploads\/2026\/03\/Boniarka-zdjecie-s2.jpg 1600w, https:\/\/pro-cut.pl\/wp-content\/uploads\/2026\/03\/Boniarka-zdjecie-s2-300x300.jpg 300w, https:\/\/pro-cut.pl\/wp-content\/uploads\/2026\/03\/Boniarka-zdjecie-s2-1024x1024.jpg 1024w, https:\/\/pro-cut.pl\/wp-content\/uploads\/2026\/03\/Boniarka-zdjecie-s2-150x150.jpg 150w, https:\/\/pro-cut.pl\/wp-content\/uploads\/2026\/03\/Boniarka-zdjecie-s2-768x768.jpg 768w, https:\/\/pro-cut.pl\/wp-content\/uploads\/2026\/03\/Boniarka-zdjecie-s2-1536x1536.jpg 1536w, https:\/\/pro-cut.pl\/wp-content\/uploads\/2026\/03\/Boniarka-zdjecie-s2-12x12.jpg 12w, https:\/\/pro-cut.pl\/wp-content\/uploads\/2026\/03\/Boniarka-zdjecie-s2-600x600.jpg 600w, https:\/\/pro-cut.pl\/wp-content\/uploads\/2026\/03\/Boniarka-zdjecie-s2-1200x1200.jpg 1200w\" sizes=\"(max-width: 1600px) 100vw, 1600px\" title=\"\">\t\t\t\t\t<\/div>\n\n\t\t\t\t\t\t<\/div>\n\t\t\t\t<\/div>\n\t\t\t\t<\/div>\n\t\t\t\t\t<\/div>\n\t\t\t\t<\/div>\n\t\t<div class=\"wd-negative-gap elementor-element elementor-element-8b0dc0f e-flex e-con-boxed e-con e-parent\" data-id=\"8b0dc0f\" data-element_type=\"container\" data-e-type=\"container\">\n\t\t\t\t\t<div class=\"e-con-inner\">\n\t\t<div class=\"elementor-element elementor-element-bc732b7 e-con-full e-flex e-con e-child\" data-id=\"bc732b7\" data-element_type=\"container\" data-e-type=\"container\">\n\t\t\t\t<div class=\"elementor-element elementor-element-aae68ec elementor-widget elementor-widget-wd_image_or_svg\" data-id=\"aae68ec\" data-element_type=\"widget\" data-e-type=\"widget\" data-widget_type=\"wd_image_or_svg.default\">\n\t\t\t\t<div class=\"elementor-widget-container\">\n\t\t\t\t\t\n\t\t<div class=\"wd-image text-left\">\n\t\t\t\t\t\t\t\t<img decoding=\"async\" width=\"1800\" height=\"1451\" src=\"https:\/\/pro-cut.pl\/wp-content\/uploads\/2026\/03\/Boniarka-biale-tlo-s2.jpg\" class=\"attachment-full size-full\" alt=\"\" srcset=\"https:\/\/pro-cut.pl\/wp-content\/uploads\/2026\/03\/Boniarka-biale-tlo-s2.jpg 1800w, https:\/\/pro-cut.pl\/wp-content\/uploads\/2026\/03\/Boniarka-biale-tlo-s2-300x242.jpg 300w, https:\/\/pro-cut.pl\/wp-content\/uploads\/2026\/03\/Boniarka-biale-tlo-s2-1024x825.jpg 1024w, https:\/\/pro-cut.pl\/wp-content\/uploads\/2026\/03\/Boniarka-biale-tlo-s2-768x619.jpg 768w, https:\/\/pro-cut.pl\/wp-content\/uploads\/2026\/03\/Boniarka-biale-tlo-s2-1536x1238.jpg 1536w, https:\/\/pro-cut.pl\/wp-content\/uploads\/2026\/03\/Boniarka-biale-tlo-s2-15x12.jpg 15w, https:\/\/pro-cut.pl\/wp-content\/uploads\/2026\/03\/Boniarka-biale-tlo-s2-1200x967.jpg 1200w, https:\/\/pro-cut.pl\/wp-content\/uploads\/2026\/03\/Boniarka-biale-tlo-s2-150x121.jpg 150w\" sizes=\"(max-width: 1800px) 100vw, 1800px\" title=\"\">\t\t\t\t\t<\/div>\n\n\t\t\t\t\t\t<\/div>\n\t\t\t\t<\/div>\n\t\t\t\t<\/div>\n\t\t<div class=\"elementor-element elementor-element-84c0cc6 e-con-full e-flex e-con e-child\" data-id=\"84c0cc6\" data-element_type=\"container\" data-e-type=\"container\">\n\t\t\t\t<div class=\"elementor-element elementor-element-715deb3 color-scheme-inherit text-left elementor-widget elementor-widget-text-editor\" data-id=\"715deb3\" data-element_type=\"widget\" data-e-type=\"widget\" data-widget_type=\"text-editor.default\">\n\t\t\t\t<div class=\"elementor-widget-container\">\n\t\t\t\t\t\t\t\t\t<h3 data-path-to-node=\"10\"><b data-path-to-node=\"10\" data-index-in-node=\"0\">Con\u021binutul kitului:<\/b><\/h3><ul data-path-to-node=\"11\"><li><p data-path-to-node=\"11,0,0\">1x Sanie pentru t\u0103ierea metalelor (baz\u0103 de lucru)<\/p><\/li><li><p data-path-to-node=\"11,1,0\">1x Ghid pentru men\u021binerea unei linii drepte<\/p><\/li><li><p data-path-to-node=\"11,2,0\">2x suporturi laterale din plastic (glisiere)<\/p><\/li><li><p data-path-to-node=\"11,3,0\">1x lam\u0103 de lucru flexibil\u0103 (30 cm)<\/p><\/li><\/ul>\t\t\t\t\t\t\t\t<\/div>\n\t\t\t\t<\/div>\n\t\t\t\t<\/div>\n\t\t\t\t\t<\/div>\n\t\t\t\t<\/div>\n\t\t\t\t<\/div>","protected":false},"excerpt":{"rendered":"<p><strong>Corner Cutter Elite: Wykonaj 99% wszystkich ci\u0119\u0107 styropianu na jednej maszynie<\/strong><br \/>\nZamie\u0144 swoj\u0105 przecinark\u0119 Minova Elite S30 w sprz\u0119t do zada\u0144 specjalnych. Corner Cutter Elite to dedykowana przystawka, kt\u00f3ra drastycznie rozszerza funkcjonalno\u015b\u0107 Twojej maszyny. Zapomnij o r\u0119cznym rze\u017abieniu \u2013 teraz bez problemu wytniesz idealne &#8222;eLki&#8221; przy oknach, zrobisz precyzyjne wci\u0119cia pod krokwie i poradzisz sobie z najtrudniejszymi detalami na elewacji.<\/p>\n<p><strong>\u2713 Kompatybilna z Minova Elite S30 \u2713 Wycinanie &#8222;eLek&#8221; \u2713 Ci\u0119cie pod krokwie \u2713 Ogarnia 99% ci\u0119\u0107 na ociepleniach \u2713 Szybki monta\u017c<\/strong><\/p>","protected":false},"featured_media":3756,"comment_status":"open","ping_status":"closed","template":"","meta":{"_acf_changed":false},"product_brand":[],"product_cat":[97,61,82],"product_tag":[104],"class_list":{"0":"post-3754","1":"product","2":"type-product","3":"status-publish","4":"has-post-thumbnail","6":"product_cat-akcesoria-2","7":"product_cat-akcesoria","8":"product_cat-ciecie-styropianu-i-styroduru-xps-eps","9":"product_tag-simple-kontent","11":"first","12":"outofstock","13":"taxable","14":"shipping-taxable","15":"purchasable","16":"product-type-simple"},"acf":[],"_links":{"self":[{"href":"https:\/\/pro-cut.pl\/ro\/wp-json\/wp\/v2\/product\/3754","targetHints":{"allow":["GET"]}}],"collection":[{"href":"https:\/\/pro-cut.pl\/ro\/wp-json\/wp\/v2\/product"}],"about":[{"href":"https:\/\/pro-cut.pl\/ro\/wp-json\/wp\/v2\/types\/product"}],"replies":[{"embeddable":true,"href":"https:\/\/pro-cut.pl\/ro\/wp-json\/wp\/v2\/comments?post=3754"}],"version-history":[{"count":1,"href":"https:\/\/pro-cut.pl\/ro\/wp-json\/wp\/v2\/product\/3754\/revisions"}],"predecessor-version":[{"id":3758,"href":"https:\/\/pro-cut.pl\/ro\/wp-json\/wp\/v2\/product\/3754\/revisions\/3758"}],"wp:featuredmedia":[{"embeddable":true,"href":"https:\/\/pro-cut.pl\/ro\/wp-json\/wp\/v2\/media\/3756"}],"wp:attachment":[{"href":"https:\/\/pro-cut.pl\/ro\/wp-json\/wp\/v2\/media?parent=3754"}],"wp:term":[{"taxonomy":"product_brand","embeddable":true,"href":"https:\/\/pro-cut.pl\/ro\/wp-json\/wp\/v2\/product_brand?post=3754"},{"taxonomy":"product_cat","embeddable":true,"href":"https:\/\/pro-cut.pl\/ro\/wp-json\/wp\/v2\/product_cat?post=3754"},{"taxonomy":"product_tag","embeddable":true,"href":"https:\/\/pro-cut.pl\/ro\/wp-json\/wp\/v2\/product_tag?post=3754"}],"curies":[{"name":"wp","href":"https:\/\/api.w.org\/{rel}","templated":true}]}}

Atașament Minova CornerElite pentru mașina de tăiat Minova Elite S30

<div data-elementor-type="product-post" data-elementor-id="3754" class="elementor elementor-3754" data-elementor-post-type="product">
				<div class="wd-negative-gap elementor-element elementor-element-6947ece e-flex e-con-boxed e-con e-parent" data-id="6947ece" data-element_type="container" data-e-type="container">
					<div class="e-con-inner">
		<div class="elementor-element elementor-element-dd2e2db e-con-full e-flex e-con e-child" data-id="dd2e2db" data-element_type="container" data-e-type="container">
				<div class="elementor-element elementor-element-71c98098 color-scheme-inherit text-left elementor-widget elementor-widget-text-editor" data-id="71c98098" data-element_type="widget" data-e-type="widget" data-widget_type="text-editor.default">
				<div class="elementor-widget-container">
									<h3 data-path-to-node="5"><b data-path-to-node="5" data-index-in-node="0">Mașina de vouchere evidențiază:</b></h3><p data-path-to-node="6">✅ <b data-path-to-node="6" data-index-in-node="2">Control maxim al tăierii și repetabilitate</b> Ghidul și sania metalică robustă vă permit să determinați exact cât de adânc trebuie să intre lama în spuma de polistiren. Gata cu liniile strâmbe tăiate „de mână” - fiecare tăiere are exact aceeași dimensiune planificată.</p><p data-path-to-node="7">✅ <b data-path-to-node="7" data-index-in-node="2">Lamă flexibilă pentru sarcini speciale</b> În kit primiți o lamă de lucru de 30 cm. Puteți să o îndoiți și să o profilați singur (de exemplu, în formă de U sau V), adaptând perfect lățimea și forma tăieturii la diametrul țevilor sau la caracteristicile specifice ale panourilor.</p><p data-path-to-node="8">✅ <b data-path-to-node="8" data-index-in-node="2">Alunecare lină fără deteriorarea plăcilor</b> Datorită utilizării a două suporturi laterale netede din plastic, bonerul alunecă ușor peste polistiren și stirodur. Nu se blochează în material și nu zgârie suprafața pe care se lucrează.</p><p data-path-to-node="9">✅ <b data-path-to-node="9" data-index-in-node="2">Compatibilitate universală și instalare rapidă</b> Kitul are un distanțier de fixare standard. Îl veți monta în câteva secunde la toate cuțitele termice Minova și la majoritatea cuțitelor standard de pe piață. Înșurubați lama, înșurubați sania și sunteți gata de funcționare în cel mai scurt timp.</p>								</div>
				</div>
				</div>
		<div class="elementor-element elementor-element-b9dce27 e-con-full e-flex e-con e-child" data-id="b9dce27" data-element_type="container" data-e-type="container">
				<div class="elementor-element elementor-element-5ad16ba elementor-widget elementor-widget-wd_image_or_svg" data-id="5ad16ba" data-element_type="widget" data-e-type="widget" data-widget_type="wd_image_or_svg.default">
				<div class="elementor-widget-container">
					
		<div class="wd-image text-left">
								<img fetchpriority="high" decoding="async" width="1600" height="1600" src="https://pro-cut.pl/wp-content/uploads/2026/03/Boniarka-zdjecie-s2.jpg" class="attachment-full size-full" alt="" srcset="https://pro-cut.pl/wp-content/uploads/2026/03/Boniarka-zdjecie-s2.jpg 1600w, https://pro-cut.pl/wp-content/uploads/2026/03/Boniarka-zdjecie-s2-300x300.jpg 300w, https://pro-cut.pl/wp-content/uploads/2026/03/Boniarka-zdjecie-s2-1024x1024.jpg 1024w, https://pro-cut.pl/wp-content/uploads/2026/03/Boniarka-zdjecie-s2-150x150.jpg 150w, https://pro-cut.pl/wp-content/uploads/2026/03/Boniarka-zdjecie-s2-768x768.jpg 768w, https://pro-cut.pl/wp-content/uploads/2026/03/Boniarka-zdjecie-s2-1536x1536.jpg 1536w, https://pro-cut.pl/wp-content/uploads/2026/03/Boniarka-zdjecie-s2-12x12.jpg 12w, https://pro-cut.pl/wp-content/uploads/2026/03/Boniarka-zdjecie-s2-600x600.jpg 600w, https://pro-cut.pl/wp-content/uploads/2026/03/Boniarka-zdjecie-s2-1200x1200.jpg 1200w" sizes="(max-width: 1600px) 100vw, 1600px" title="">					</div>

						</div>
				</div>
				</div>
					</div>
				</div>
		<div class="wd-negative-gap elementor-element elementor-element-8b0dc0f e-flex e-con-boxed e-con e-parent" data-id="8b0dc0f" data-element_type="container" data-e-type="container">
					<div class="e-con-inner">
		<div class="elementor-element elementor-element-bc732b7 e-con-full e-flex e-con e-child" data-id="bc732b7" data-element_type="container" data-e-type="container">
				<div class="elementor-element elementor-element-aae68ec elementor-widget elementor-widget-wd_image_or_svg" data-id="aae68ec" data-element_type="widget" data-e-type="widget" data-widget_type="wd_image_or_svg.default">
				<div class="elementor-widget-container">
					
		<div class="wd-image text-left">
								<img decoding="async" width="1800" height="1451" src="https://pro-cut.pl/wp-content/uploads/2026/03/Boniarka-biale-tlo-s2.jpg" class="attachment-full size-full" alt="" srcset="https://pro-cut.pl/wp-content/uploads/2026/03/Boniarka-biale-tlo-s2.jpg 1800w, https://pro-cut.pl/wp-content/uploads/2026/03/Boniarka-biale-tlo-s2-300x242.jpg 300w, https://pro-cut.pl/wp-content/uploads/2026/03/Boniarka-biale-tlo-s2-1024x825.jpg 1024w, https://pro-cut.pl/wp-content/uploads/2026/03/Boniarka-biale-tlo-s2-768x619.jpg 768w, https://pro-cut.pl/wp-content/uploads/2026/03/Boniarka-biale-tlo-s2-1536x1238.jpg 1536w, https://pro-cut.pl/wp-content/uploads/2026/03/Boniarka-biale-tlo-s2-15x12.jpg 15w, https://pro-cut.pl/wp-content/uploads/2026/03/Boniarka-biale-tlo-s2-1200x967.jpg 1200w, https://pro-cut.pl/wp-content/uploads/2026/03/Boniarka-biale-tlo-s2-150x121.jpg 150w" sizes="(max-width: 1800px) 100vw, 1800px" title="">					</div>

						</div>
				</div>
				</div>
		<div class="elementor-element elementor-element-84c0cc6 e-con-full e-flex e-con e-child" data-id="84c0cc6" data-element_type="container" data-e-type="container">
				<div class="elementor-element elementor-element-715deb3 color-scheme-inherit text-left elementor-widget elementor-widget-text-editor" data-id="715deb3" data-element_type="widget" data-e-type="widget" data-widget_type="text-editor.default">
				<div class="elementor-widget-container">
									<h3 data-path-to-node="10"><b data-path-to-node="10" data-index-in-node="0">Conținutul kitului:</b></h3><ul data-path-to-node="11"><li><p data-path-to-node="11,0,0">1x Sanie pentru tăierea metalelor (bază de lucru)</p></li><li><p data-path-to-node="11,1,0">1x Ghid pentru menținerea unei linii drepte</p></li><li><p data-path-to-node="11,2,0">2x suporturi laterale din plastic (glisiere)</p></li><li><p data-path-to-node="11,3,0">1x lamă de lucru flexibilă (30 cm)</p></li></ul>								</div>
				</div>
				</div>
					</div>
				</div>
				</div>

<p><strong>Corner Cutter Elite: Wykonaj 99% wszystkich cięć styropianu na jednej maszynie</strong><br />
Zamień swoją przecinarkę Minova Elite S30 w sprzęt do zadań specjalnych. Corner Cutter Elite to dedykowana przystawka, która drastycznie rozszerza funkcjonalność Twojej maszyny. Zapomnij o ręcznym rzeźbieniu – teraz bez problemu wytniesz idealne &#8222;eLki&#8221; przy oknach, zrobisz precyzyjne wcięcia pod krokwie i poradzisz sobie z najtrudniejszymi detalami na elewacji.</p>
<p><strong>✓ Kompatybilna z Minova Elite S30 ✓ Wycinanie &#8222;eLek&#8221; ✓ Cięcie pod krokwie ✓ Ogarnia 99% cięć na ociepleniach ✓ Szybki montaż</strong></p>
